{"id":32,"date":"2022-04-20T21:07:35","date_gmt":"2022-04-20T21:07:35","guid":{"rendered":"https:\/\/www.elabra.cl\/informegestion2021\/?page_id=32"},"modified":"2022-05-06T14:00:31","modified_gmt":"2022-05-06T14:00:31","slug":"carta-del-presidente","status":"publish","type":"page","link":"https:\/\/www.elabra.cl\/informegestion2021\/carta-del-presidente\/","title":{"rendered":"Carta del Presidente"},"content":{"rendered":"\t\t<div data-elementor-type=\"wp-page\" data-elementor-id=\"32\" class=\"elementor elementor-32\">\n\t\t\t\t\t\t\t\t\t<section class=\"elementor-section elementor-top-section elementor-element elementor-element-c054181 elementor-section-boxed elementor-section-height-default elementor-section-height-default\" data-id=\"c054181\" data-element_type=\"section\">\n\t\t\t\t\t\t<div class=\"elementor-container elementor-column-gap-default\">\n\t\t\t\t\t<div class=\"elementor-column elementor-col-100 elementor-top-column elementor-element elementor-element-de1f0fb\" data-id=\"de1f0fb\" data-element_type=\"column\">\n\t\t\t<div class=\"elementor-widget-wrap elementor-element-populated\">\n\t\t\t\t\t\t\t\t<div class=\"elementor-element elementor-element-6aab84e elementor-widget elementor-widget-image\" data-id=\"6aab84e\" data-element_type=\"widget\" data-widget_type=\"image.default\">\n\t\t\t\t<div class=\"elementor-widget-container\">\n\t\t\t<style>\/*! elementor - v3.6.4 - 13-04-2022 *\/\n.elementor-widget-image{text-align:center}.elementor-widget-image a{display:inline-block}.elementor-widget-image a img[src$=\".svg\"]{width:48px}.elementor-widget-image img{vertical-align:middle;display:inline-block}<\/style>\t\t\t\t\t\t\t\t\t\t\t\t<img loading=\"lazy\" decoding=\"async\" width=\"620\" height=\"322\" src=\"https:\/\/www.elabra.cl\/informegestion2021\/wp-content\/uploads\/2022\/04\/cabecera_carta.jpg\" class=\"attachment-large size-large\" alt=\"\" srcset=\"https:\/\/www.elabra.cl\/informegestion2021\/wp-content\/uploads\/2022\/04\/cabecera_carta.jpg 692w, https:\/\/www.elabra.cl\/informegestion2021\/wp-content\/uploads\/2022\/04\/cabecera_carta-300x156.jpg 300w, https:\/\/www.elabra.cl\/informegestion2021\/wp-content\/uploads\/2022\/04\/cabecera_carta-500x259.jpg 500w\" sizes=\"auto, (max-width: 620px) 100vw, 620px\" \/>\t\t\t\t\t\t\t\t\t\t\t\t\t\t\t<\/div>\n\t\t\t\t<\/div>\n\t\t\t\t\t<\/div>\n\t\t<\/div>\n\t\t\t\t\t\t\t<\/div>\n\t\t<\/section>\n\t\t\t\t<section class=\"elementor-section elementor-top-section elementor-element elementor-element-c59be63 elementor-section-boxed elementor-section-height-default elementor-section-height-default\" data-id=\"c59be63\" data-element_type=\"section\">\n\t\t\t\t\t\t<div class=\"elementor-container elementor-column-gap-default\">\n\t\t\t\t\t<div class=\"elementor-column elementor-col-100 elementor-top-column elementor-element elementor-element-743be44\" data-id=\"743be44\" data-element_type=\"column\">\n\t\t\t<div class=\"elementor-widget-wrap elementor-element-populated\">\n\t\t\t\t\t\t\t\t<div class=\"elementor-element elementor-element-6be78a7 elementor-widget elementor-widget-spacer\" data-id=\"6be78a7\" data-element_type=\"widget\" data-widget_type=\"spacer.default\">\n\t\t\t\t<div class=\"elementor-widget-container\">\n\t\t\t<style>\/*! elementor - v3.6.4 - 13-04-2022 *\/\n.e-container.e-container--row .elementor-spacer-inner{width:var(--spacer-size)}.e-container.e-container--column .elementor-spacer-inner,.elementor-column .elementor-spacer-inner{height:var(--spacer-size)}<\/style>\t\t<div class=\"elementor-spacer\">\n\t\t\t<div class=\"elementor-spacer-inner\"><\/div>\n\t\t<\/div>\n\t\t\t\t<\/div>\n\t\t\t\t<\/div>\n\t\t\t\t<div class=\"elementor-element elementor-element-0faef17 elementor-widget elementor-widget-text-editor\" data-id=\"0faef17\" data-element_type=\"widget\" data-widget_type=\"text-editor.default\">\n\t\t\t\t<div class=\"elementor-widget-container\">\n\t\t\t<style>\/*! elementor - v3.6.4 - 13-04-2022 *\/\n.elementor-widget-text-editor.elementor-drop-cap-view-stacked .elementor-drop-cap{background-color:#818a91;color:#fff}.elementor-widget-text-editor.elementor-drop-cap-view-framed .elementor-drop-cap{color:#818a91;border:3px solid;background-color:transparent}.elementor-widget-text-editor:not(.elementor-drop-cap-view-default) .elementor-drop-cap{margin-top:8px}.elementor-widget-text-editor:not(.elementor-drop-cap-view-default) .elementor-drop-cap-letter{width:1em;height:1em}.elementor-widget-text-editor .elementor-drop-cap{float:left;text-align:center;line-height:1;font-size:50px}.elementor-widget-text-editor .elementor-drop-cap-letter{display:inline-block}<\/style>\t\t\t\t<p class=\"p1\"><span class=\"s1\">El 2021 estuvo lleno de desaf\u00edos y complejidades a los que tuvimos que hacer frente, principalmente por las restricciones impuestas por la pandemia de COVID-19. En este sentido, nos planteamos como prop\u00f3sito central el asegurar la salud y seguridad de todos y todas quienes se desempe\u00f1an en nuestra faena.<span class=\"Apple-converted-space\">\u00a0<\/span><\/span><\/p><p class=\"p1\"><span class=\"s1\">Mostrando una importante resiliencia y disciplina, nuestro personal adhiri\u00f3 a una serie de medidas que han permitido la continuidad de la operaci\u00f3n con plena sujeci\u00f3n a los protocolos sanitarios, las que incluyeron el impulso a la vacunaci\u00f3n en nuestra faena. Esto habr\u00eda sido imposible sin el compromiso de cada una de las personas que trabajan en El Abra, a quienes extiendo mis agradecimientos m\u00e1s sinceros.<span class=\"Apple-converted-space\">\u00a0<\/span><\/span><\/p><p class=\"p1\"><span class=\"s1\">En este segundo a\u00f1o de pandemia hemos seguido y seguiremos comprometidos con las comunidades aleda\u00f1as a nuestra faena, entregando insumos sanitarios que les permiti\u00f3 la reapertura de negocios locales. Dimos tambi\u00e9n continuidad a la ayuda en el proceso de vacunaci\u00f3n en la Regi\u00f3n y a la entrega de equipos de protecci\u00f3n personal, entre otros.<\/span><\/p><p class=\"p1\"><span class=\"s1\">Los retos enfrentados en este per\u00edodo han transformado nuestras miradas y la forma de hacer las cosas. En este sentido, la adopci\u00f3n de la metodolog\u00eda Agile y la identificaci\u00f3n de conductas para una organizaci\u00f3n de alto rendimiento, que hemos denominado Freeport Edge, han sido un aliciente para convertirnos en una compa\u00f1\u00eda m\u00e1s flexible y r\u00e1pida en su capacidad de respuesta a los diversos desaf\u00edos operacionales y contingencias.<span class=\"Apple-converted-space\">\u00a0<\/span><\/span><\/p><p class=\"p1\"><span class=\"s1\">En materia operacional, seguimos transitando la senda que nos permite asegurar nuestra continuidad y desarrollo de manera sostenible. Iniciamos el <\/span><span class=\"s2\"><i>ramp-up <\/i><\/span><span class=\"s1\">(puesta en marcha) de modo que, a partir de abril, comenzamos a procesar 90 KTPD de apilamiento de mineral. De forma paralela, reanudamos <br \/>el proyecto Sulfolix Fase II, que permitir\u00e1 aumentar la capacidad de la pila permanente en 250 millones de toneladas de material.<span class=\"Apple-converted-space\">\u00a0<\/span><\/span><\/p><p class=\"p1\"><span class=\"s1\">Hemos avanzado en retomar el Proyecto Concentradora, realizando los levantamientos de l\u00edneas de base ambiental y social, junto a nuevos procesos de di\u00e1logo con las comunidades aleda\u00f1as a nuestra faena. <span class=\"Apple-converted-space\">\u00a0<\/span><\/span><\/p><p class=\"p1\"><span class=\"s1\">Sabemos que la Regi\u00f3n de Antofagasta ofrece al pa\u00eds oportunidades de desarrollo en las energ\u00edas renovables no convencionales y posibilidades en la industria del Hidr\u00f3geno Verde, que ser\u00e1 clave en la lucha contra el cambio clim\u00e1tico y en el cumplimiento de los objetivos de descarbonizaci\u00f3n de Chile. En esta l\u00ednea, durante 2021 nos integramos a H2Chile, organismo que re\u00fane a empresas y profesionales que buscan desarrollar esta industria en el pa\u00eds.<span class=\"Apple-converted-space\">\u00a0<\/span><\/span><\/p><p class=\"p1\"><span class=\"s1\">En El Abra, nuestro principal foco son las personas y hemos avanzado en hacer de nuestra empresa una organizaci\u00f3n m\u00e1s diversa e inclusiva. As\u00ed, logramos aumentar la dotaci\u00f3n de mujeres a un 13,3% con una cultura que promueve, adem\u00e1s, la conciliaci\u00f3n de la vida laboral y familiar.<\/span><\/p><p class=\"p1\"><span class=\"s1\">El 2021 fue un a\u00f1o complejo que, sin embargo, nos dej\u00f3 aprendizajes para seguir fortaleciendo nuestros procesos y mejorando como organizaci\u00f3n.<span class=\"Apple-converted-space\">\u00a0<\/span><\/span><\/p><p class=\"p4\">\u00a0<\/p>\t\t\t\t\t\t<\/div>\n\t\t\t\t<\/div>\n\t\t\t\t\t<\/div>\n\t\t<\/div>\n\t\t\t\t\t\t\t<\/div>\n\t\t<\/section>\n\t\t\t\t<section class=\"elementor-section elementor-top-section elementor-element elementor-element-5c3d96d elementor-section-boxed elementor-section-height-default elementor-section-height-default\" data-id=\"5c3d96d\" data-element_type=\"section\">\n\t\t\t\t\t\t<div class=\"elementor-container elementor-column-gap-default\">\n\t\t\t\t\t<div class=\"elementor-column elementor-col-66 elementor-top-column elementor-element elementor-element-61b022f\" data-id=\"61b022f\" data-element_type=\"column\">\n\t\t\t<div class=\"elementor-widget-wrap elementor-element-populated\">\n\t\t\t\t\t\t\t\t<div class=\"elementor-element elementor-element-6562960 elementor-widget elementor-widget-image\" data-id=\"6562960\" data-element_type=\"widget\" data-widget_type=\"image.default\">\n\t\t\t\t<div class=\"elementor-widget-container\">\n\t\t\t\t\t\t\t\t\t\t\t\t\t\t\t<img loading=\"lazy\" decoding=\"async\" width=\"300\" height=\"250\" src=\"https:\/\/www.elabra.cl\/informegestion2021\/wp-content\/uploads\/2022\/04\/presidente.jpg\" class=\"attachment-large size-large\" alt=\"\" \/>\t\t\t\t\t\t\t\t\t\t\t\t\t\t\t<\/div>\n\t\t\t\t<\/div>\n\t\t\t\t\t<\/div>\n\t\t<\/div>\n\t\t\t\t<div class=\"elementor-column elementor-col-33 elementor-top-column elementor-element elementor-element-5d029ec\" data-id=\"5d029ec\" data-element_type=\"column\">\n\t\t\t<div class=\"elementor-widget-wrap elementor-element-populated\">\n\t\t\t\t\t\t\t\t<div class=\"elementor-element elementor-element-a7f71a8 elementor-widget elementor-widget-text-editor\" data-id=\"a7f71a8\" data-element_type=\"widget\" data-widget_type=\"text-editor.default\">\n\t\t\t\t<div class=\"elementor-widget-container\">\n\t\t\t\t\t\t\t<p class=\"p3\"><span class=\"s1\"><b>Rub\u00e9n Funes Maggi<br \/><\/b><\/span><span class=\"s1\">Presidente de Minera El Abra<\/span><\/p>\t\t\t\t\t\t<\/div>\n\t\t\t\t<\/div>\n\t\t\t\t\t<\/div>\n\t\t<\/div>\n\t\t\t\t\t\t\t<\/div>\n\t\t<\/section>\n\t\t\t\t\t\t\t<\/div>\n\t\t","protected":false},"excerpt":{"rendered":"<p>El 2021 estuvo lleno de desaf\u00edos y complejidades a los que tuvimos que hacer frente, principalmente por las restricciones impuestas por la pandemia de COVID-19. En este sentido, nos planteamos como prop\u00f3sito central el asegurar la salud y seguridad de todos y todas quienes se desempe\u00f1an en nuestra faena.\u00a0 Mostrando&#8230;<\/p>\n","protected":false},"author":1,"featured_media":0,"parent":0,"menu_order":0,"comment_status":"closed","ping_status":"closed","template":"","meta":{"footnotes":""},"class_list":["post-32","page","type-page","status-publish","hentry"],"_links":{"self":[{"href":"https:\/\/www.elabra.cl\/informegestion2021\/wp-json\/wp\/v2\/pages\/32","targetHints":{"allow":["GET"]}}],"collection":[{"href":"https:\/\/www.elabra.cl\/informegestion2021\/wp-json\/wp\/v2\/pages"}],"about":[{"href":"https:\/\/www.elabra.cl\/informegestion2021\/wp-json\/wp\/v2\/types\/page"}],"author":[{"embeddable":true,"href":"https:\/\/www.elabra.cl\/informegestion2021\/wp-json\/wp\/v2\/users\/1"}],"replies":[{"embeddable":true,"href":"https:\/\/www.elabra.cl\/informegestion2021\/wp-json\/wp\/v2\/comments?post=32"}],"version-history":[{"count":16,"href":"https:\/\/www.elabra.cl\/informegestion2021\/wp-json\/wp\/v2\/pages\/32\/revisions"}],"predecessor-version":[{"id":382,"href":"https:\/\/www.elabra.cl\/informegestion2021\/wp-json\/wp\/v2\/pages\/32\/revisions\/382"}],"wp:attachment":[{"href":"https:\/\/www.elabra.cl\/informegestion2021\/wp-json\/wp\/v2\/media?parent=32"}],"curies":[{"name":"wp","href":"https:\/\/api.w.org\/{rel}","templated":true}]}}

<div data-elementor-type="wp-page" data-elementor-id="32" class="elementor elementor-32">
									<section class="elementor-section elementor-top-section elementor-element elementor-element-c054181 elementor-section-boxed elementor-section-height-default elementor-section-height-default" data-id="c054181" data-element_type="section">
						<div class="elementor-container elementor-column-gap-default">
					<div class="elementor-column elementor-col-100 elementor-top-column elementor-element elementor-element-de1f0fb" data-id="de1f0fb" data-element_type="column">
			<div class="elementor-widget-wrap elementor-element-populated">
								<div class="elementor-element elementor-element-6aab84e elementor-widget elementor-widget-image" data-id="6aab84e" data-element_type="widget" data-widget_type="image.default">
				<div class="elementor-widget-container">
			<style>/*! elementor - v3.6.4 - 13-04-2022 */
.elementor-widget-image{text-align:center}.elementor-widget-image a{display:inline-block}.elementor-widget-image a img[src$=".svg"]{width:48px}.elementor-widget-image img{vertical-align:middle;display:inline-block}</style>												<img loading="lazy" decoding="async" width="620" height="322" src="https://www.elabra.cl/informegestion2021/wp-content/uploads/2022/04/cabecera_carta.jpg" class="attachment-large size-large" alt="" srcset="https://www.elabra.cl/informegestion2021/wp-content/uploads/2022/04/cabecera_carta.jpg 692w, https://www.elabra.cl/informegestion2021/wp-content/uploads/2022/04/cabecera_carta-300x156.jpg 300w, https://www.elabra.cl/informegestion2021/wp-content/uploads/2022/04/cabecera_carta-500x259.jpg 500w" sizes="auto, (max-width: 620px) 100vw, 620px" />															</div>
				</div>
					</div>
		</div>
							</div>
		</section>
				<section class="elementor-section elementor-top-section elementor-element elementor-element-c59be63 elementor-section-boxed elementor-section-height-default elementor-section-height-default" data-id="c59be63" data-element_type="section">
						<div class="elementor-container elementor-column-gap-default">
					<div class="elementor-column elementor-col-100 elementor-top-column elementor-element elementor-element-743be44" data-id="743be44" data-element_type="column">
			<div class="elementor-widget-wrap elementor-element-populated">
								<div class="elementor-element elementor-element-6be78a7 elementor-widget elementor-widget-spacer" data-id="6be78a7" data-element_type="widget" data-widget_type="spacer.default">
				<div class="elementor-widget-container">
			<style>/*! elementor - v3.6.4 - 13-04-2022 */
.e-container.e-container--row .elementor-spacer-inner{width:var(--spacer-size)}.e-container.e-container--column .elementor-spacer-inner,.elementor-column .elementor-spacer-inner{height:var(--spacer-size)}</style>		<div class="elementor-spacer">
			<div class="elementor-spacer-inner"></div>
		</div>
				</div>
				</div>
				<div class="elementor-element elementor-element-0faef17 elementor-widget elementor-widget-text-editor" data-id="0faef17" data-element_type="widget" data-widget_type="text-editor.default">
				<div class="elementor-widget-container">
			<style>/*! elementor - v3.6.4 - 13-04-2022 */
.elementor-widget-text-editor.elementor-drop-cap-view-stacked .elementor-drop-cap{background-color:#818a91;color:#fff}.elementor-widget-text-editor.elementor-drop-cap-view-framed .elementor-drop-cap{color:#818a91;border:3px solid;background-color:transparent}.elementor-widget-text-editor:not(.elementor-drop-cap-view-default) .elementor-drop-cap{margin-top:8px}.elementor-widget-text-editor:not(.elementor-drop-cap-view-default) .elementor-drop-cap-letter{width:1em;height:1em}.elementor-widget-text-editor .elementor-drop-cap{float:left;text-align:center;line-height:1;font-size:50px}.elementor-widget-text-editor .elementor-drop-cap-letter{display:inline-block}</style>				<p class="p1"><span class="s1">El 2021 estuvo lleno de desafíos y complejidades a los que tuvimos que hacer frente, principalmente por las restricciones impuestas por la pandemia de COVID-19. En este sentido, nos planteamos como propósito central el asegurar la salud y seguridad de todos y todas quienes se desempeñan en nuestra faena.<span class="Apple-converted-space"> </span></span></p><p class="p1"><span class="s1">Mostrando una importante resiliencia y disciplina, nuestro personal adhirió a una serie de medidas que han permitido la continuidad de la operación con plena sujeción a los protocolos sanitarios, las que incluyeron el impulso a la vacunación en nuestra faena. Esto habría sido imposible sin el compromiso de cada una de las personas que trabajan en El Abra, a quienes extiendo mis agradecimientos más sinceros.<span class="Apple-converted-space"> </span></span></p><p class="p1"><span class="s1">En este segundo año de pandemia hemos seguido y seguiremos comprometidos con las comunidades aledañas a nuestra faena, entregando insumos sanitarios que les permitió la reapertura de negocios locales. Dimos también continuidad a la ayuda en el proceso de vacunación en la Región y a la entrega de equipos de protección personal, entre otros.</span></p><p class="p1"><span class="s1">Los retos enfrentados en este período han transformado nuestras miradas y la forma de hacer las cosas. En este sentido, la adopción de la metodología Agile y la identificación de conductas para una organización de alto rendimiento, que hemos denominado Freeport Edge, han sido un aliciente para convertirnos en una compañía más flexible y rápida en su capacidad de respuesta a los diversos desafíos operacionales y contingencias.<span class="Apple-converted-space"> </span></span></p><p class="p1"><span class="s1">En materia operacional, seguimos transitando la senda que nos permite asegurar nuestra continuidad y desarrollo de manera sostenible. Iniciamos el </span><span class="s2"><i>ramp-up </i></span><span class="s1">(puesta en marcha) de modo que, a partir de abril, comenzamos a procesar 90 KTPD de apilamiento de mineral. De forma paralela, reanudamos <br />el proyecto Sulfolix Fase II, que permitirá aumentar la capacidad de la pila permanente en 250 millones de toneladas de material.<span class="Apple-converted-space"> </span></span></p><p class="p1"><span class="s1">Hemos avanzado en retomar el Proyecto Concentradora, realizando los levantamientos de líneas de base ambiental y social, junto a nuevos procesos de diálogo con las comunidades aledañas a nuestra faena. <span class="Apple-converted-space"> </span></span></p><p class="p1"><span class="s1">Sabemos que la Región de Antofagasta ofrece al país oportunidades de desarrollo en las energías renovables no convencionales y posibilidades en la industria del Hidrógeno Verde, que será clave en la lucha contra el cambio climático y en el cumplimiento de los objetivos de descarbonización de Chile. En esta línea, durante 2021 nos integramos a H2Chile, organismo que reúne a empresas y profesionales que buscan desarrollar esta industria en el país.<span class="Apple-converted-space"> </span></span></p><p class="p1"><span class="s1">En El Abra, nuestro principal foco son las personas y hemos avanzado en hacer de nuestra empresa una organización más diversa e inclusiva. Así, logramos aumentar la dotación de mujeres a un 13,3% con una cultura que promueve, además, la conciliación de la vida laboral y familiar.</span></p><p class="p1"><span class="s1">El 2021 fue un año complejo que, sin embargo, nos dejó aprendizajes para seguir fortaleciendo nuestros procesos y mejorando como organización.<span class="Apple-converted-space"> </span></span></p><p class="p4"> </p>						</div>
				</div>
					</div>
		</div>
							</div>
		</section>
				<section class="elementor-section elementor-top-section elementor-element elementor-element-5c3d96d elementor-section-boxed elementor-section-height-default elementor-section-height-default" data-id="5c3d96d" data-element_type="section">
						<div class="elementor-container elementor-column-gap-default">
					<div class="elementor-column elementor-col-66 elementor-top-column elementor-element elementor-element-61b022f" data-id="61b022f" data-element_type="column">
			<div class="elementor-widget-wrap elementor-element-populated">
								<div class="elementor-element elementor-element-6562960 elementor-widget elementor-widget-image" data-id="6562960" data-element_type="widget" data-widget_type="image.default">
				<div class="elementor-widget-container">
															<img loading="lazy" decoding="async" width="300" height="250" src="https://www.elabra.cl/informegestion2021/wp-content/uploads/2022/04/presidente.jpg" class="attachment-large size-large" alt="" />															</div>
				</div>
					</div>
		</div>
				<div class="elementor-column elementor-col-33 elementor-top-column elementor-element elementor-element-5d029ec" data-id="5d029ec" data-element_type="column">
			<div class="elementor-widget-wrap elementor-element-populated">
								<div class="elementor-element elementor-element-a7f71a8 elementor-widget elementor-widget-text-editor" data-id="a7f71a8" data-element_type="widget" data-widget_type="text-editor.default">
				<div class="elementor-widget-container">
							<p class="p3"><span class="s1"><b>Rubén Funes Maggi<br /></b></span><span class="s1">Presidente de Minera El Abra</span></p>						</div>
				</div>
					</div>
		</div>
							</div>
		</section>
							</div>

<p>El 2021 estuvo lleno de desafíos y complejidades a los que tuvimos que hacer frente, principalmente por las restricciones impuestas por la pandemia de COVID-19. En este sentido, nos planteamos como propósito central el asegurar la salud y seguridad de todos y todas quienes se desempeñan en nuestra faena.  Mostrando&#8230;</p>
