{"id":16,"date":"2022-04-20T21:03:10","date_gmt":"2022-04-20T21:03:10","guid":{"rendered":"https:\/\/www.elabra.cl\/informegestion2021\/?page_id=16"},"modified":"2022-05-03T22:03:16","modified_gmt":"2022-05-03T22:03:16","slug":"salud-y-seguridad","status":"publish","type":"page","link":"https:\/\/www.elabra.cl\/informegestion2021\/nosotros\/salud-y-seguridad\/","title":{"rendered":"Salud y Seguridad"},"content":{"rendered":"\t\t<div data-elementor-type=\"wp-page\" data-elementor-id=\"16\" class=\"elementor elementor-16\">\n\t\t\t\t\t\t\t\t\t<section class=\"elementor-section elementor-top-section elementor-element elementor-element-93be658 elementor-section-boxed elementor-section-height-default elementor-section-height-default\" data-id=\"93be658\" data-element_type=\"section\" data-settings=\"{&quot;background_background&quot;:&quot;classic&quot;}\">\n\t\t\t\t\t\t<div class=\"elementor-container elementor-column-gap-default\">\n\t\t\t\t\t<div class=\"elementor-column elementor-col-100 elementor-top-column elementor-element elementor-element-c22de24\" data-id=\"c22de24\" data-element_type=\"column\">\n\t\t\t<div class=\"elementor-widget-wrap elementor-element-populated\">\n\t\t\t\t\t\t\t\t<div class=\"elementor-element elementor-element-a5ba9de elementor-widget elementor-widget-heading\" data-id=\"a5ba9de\" data-element_type=\"widget\" data-widget_type=\"heading.default\">\n\t\t\t\t<div class=\"elementor-widget-container\">\n\t\t\t<style>\/*! elementor - v3.6.4 - 13-04-2022 *\/\n.elementor-heading-title{padding:0;margin:0;line-height:1}.elementor-widget-heading .elementor-heading-title[class*=elementor-size-]>a{color:inherit;font-size:inherit;line-height:inherit}.elementor-widget-heading .elementor-heading-title.elementor-size-small{font-size:15px}.elementor-widget-heading .elementor-heading-title.elementor-size-medium{font-size:19px}.elementor-widget-heading .elementor-heading-title.elementor-size-large{font-size:29px}.elementor-widget-heading .elementor-heading-title.elementor-size-xl{font-size:39px}.elementor-widget-heading .elementor-heading-title.elementor-size-xxl{font-size:59px}<\/style><h2 class=\"elementor-heading-title elementor-size-default\">NOSOTROS<\/h2>\t\t<\/div>\n\t\t\t\t<\/div>\n\t\t\t\t<div class=\"elementor-element elementor-element-1e009cf elementor-widget elementor-widget-heading\" data-id=\"1e009cf\" data-element_type=\"widget\" data-widget_type=\"heading.default\">\n\t\t\t\t<div class=\"elementor-widget-container\">\n\t\t\t<h2 class=\"elementor-heading-title elementor-size-default\">Salud y Seguridad<\/h2>\t\t<\/div>\n\t\t\t\t<\/div>\n\t\t\t\t\t<\/div>\n\t\t<\/div>\n\t\t\t\t\t\t\t<\/div>\n\t\t<\/section>\n\t\t\t\t<section class=\"elementor-section elementor-top-section elementor-element elementor-element-ccfaaa6 elementor-section-boxed elementor-section-height-default elementor-section-height-default\" data-id=\"ccfaaa6\" data-element_type=\"section\">\n\t\t\t\t\t\t<div class=\"elementor-container elementor-column-gap-default\">\n\t\t\t\t\t<div class=\"elementor-column elementor-col-100 elementor-top-column elementor-element elementor-element-c59dd3d\" data-id=\"c59dd3d\" data-element_type=\"column\">\n\t\t\t<div class=\"elementor-widget-wrap elementor-element-populated\">\n\t\t\t\t\t\t\t\t<div class=\"elementor-element elementor-element-b926716 elementor-widget elementor-widget-text-editor\" data-id=\"b926716\" data-element_type=\"widget\" data-widget_type=\"text-editor.default\">\n\t\t\t\t<div class=\"elementor-widget-container\">\n\t\t\t<style>\/*! elementor - v3.6.4 - 13-04-2022 *\/\n.elementor-widget-text-editor.elementor-drop-cap-view-stacked .elementor-drop-cap{background-color:#818a91;color:#fff}.elementor-widget-text-editor.elementor-drop-cap-view-framed .elementor-drop-cap{color:#818a91;border:3px solid;background-color:transparent}.elementor-widget-text-editor:not(.elementor-drop-cap-view-default) .elementor-drop-cap{margin-top:8px}.elementor-widget-text-editor:not(.elementor-drop-cap-view-default) .elementor-drop-cap-letter{width:1em;height:1em}.elementor-widget-text-editor .elementor-drop-cap{float:left;text-align:center;line-height:1;font-size:50px}.elementor-widget-text-editor .elementor-drop-cap-letter{display:inline-block}<\/style>\t\t\t\t<p class=\"p1\"><span class=\"s1\">En El Abra, velar por la producci\u00f3n segura y el cuidado de la salud de nuestro personal, va en l\u00ednea con la cultura de la compa\u00f1\u00eda y es la base para cumplir con el trabajo diario. Cada comportamiento al interior de la empresa procura que todos y todas puedan volver a sus casas de manera segura, apoyados en cinco pilares estrat\u00e9gicos:<\/span><\/p>\t\t\t\t\t\t<\/div>\n\t\t\t\t<\/div>\n\t\t\t\t\t<\/div>\n\t\t<\/div>\n\t\t\t\t\t\t\t<\/div>\n\t\t<\/section>\n\t\t\t\t<section class=\"elementor-section elementor-top-section elementor-element elementor-element-5a082c2 elementor-section-boxed elementor-section-height-default elementor-section-height-default\" data-id=\"5a082c2\" data-element_type=\"section\">\n\t\t\t\t\t\t<div class=\"elementor-container elementor-column-gap-default\">\n\t\t\t\t\t<div class=\"elementor-column elementor-col-100 elementor-top-column elementor-element elementor-element-ffe8d8a\" data-id=\"ffe8d8a\" data-element_type=\"column\">\n\t\t\t<div class=\"elementor-widget-wrap elementor-element-populated\">\n\t\t\t\t\t\t\t\t<div class=\"elementor-element elementor-element-7103f5a elementor-widget elementor-widget-text-editor\" data-id=\"7103f5a\" data-element_type=\"widget\" data-widget_type=\"text-editor.default\">\n\t\t\t\t<div class=\"elementor-widget-container\">\n\t\t\t\t\t\t\t<ul><li class=\"p1\"><span class=\"s2\">Enfoque en la prevenci\u00f3n de fatalidades a trav\u00e9s de la identificaci\u00f3n de actividades de alto riesgo e implementaci\u00f3n de controles cr\u00edticos.<\/span><\/li><li class=\"p1\"><span class=\"s2\">Toma de decisiones en base a datos para apoyar al liderazgo en gestionar los riesgos.<\/span><\/li><li class=\"p1\"><span class=\"s2\">Eliminar las causas sistem\u00e1ticas de los incidentes y problemas.<\/span><\/li><li class=\"p1\"><span class=\"s2\">Optimizaci\u00f3n de recursos de Salud y Seguridad Ocupacional para implementar un sistema de asignaci\u00f3n de recursos adecuados y proporcionar un sistema de priorizaci\u00f3n y optimizaci\u00f3n de dichos recursos.<\/span><\/li><li class=\"p1\"><span class=\"s2\">Alto nivel de planificaci\u00f3n de actividades.<\/span><\/li><\/ul>\t\t\t\t\t\t<\/div>\n\t\t\t\t<\/div>\n\t\t\t\t\t<\/div>\n\t\t<\/div>\n\t\t\t\t\t\t\t<\/div>\n\t\t<\/section>\n\t\t\t\t<section class=\"elementor-section elementor-top-section elementor-element elementor-element-7fdefa9 elementor-section-boxed elementor-section-height-default elementor-section-height-default\" data-id=\"7fdefa9\" data-element_type=\"section\">\n\t\t\t\t\t\t<div class=\"elementor-container elementor-column-gap-default\">\n\t\t\t\t\t<div class=\"elementor-column elementor-col-100 elementor-top-column elementor-element elementor-element-b3e7a1c\" data-id=\"b3e7a1c\" data-element_type=\"column\">\n\t\t\t<div class=\"elementor-widget-wrap elementor-element-populated\">\n\t\t\t\t\t\t\t\t<div class=\"elementor-element elementor-element-8db4b08 elementor-widget elementor-widget-image\" data-id=\"8db4b08\" data-element_type=\"widget\" data-widget_type=\"image.default\">\n\t\t\t\t<div class=\"elementor-widget-container\">\n\t\t\t<style>\/*! elementor - v3.6.4 - 13-04-2022 *\/\n.elementor-widget-image{text-align:center}.elementor-widget-image a{display:inline-block}.elementor-widget-image a img[src$=\".svg\"]{width:48px}.elementor-widget-image img{vertical-align:middle;display:inline-block}<\/style>\t\t\t\t\t\t\t\t\t\t\t\t<img loading=\"lazy\" decoding=\"async\" width=\"620\" height=\"264\" src=\"https:\/\/www.elabra.cl\/informegestion2021\/wp-content\/uploads\/2022\/05\/1d1.jpg\" class=\"attachment-large size-large\" alt=\"\" srcset=\"https:\/\/www.elabra.cl\/informegestion2021\/wp-content\/uploads\/2022\/05\/1d1.jpg 704w, https:\/\/www.elabra.cl\/informegestion2021\/wp-content\/uploads\/2022\/05\/1d1-300x128.jpg 300w, https:\/\/www.elabra.cl\/informegestion2021\/wp-content\/uploads\/2022\/05\/1d1-500x213.jpg 500w\" sizes=\"auto, (max-width: 620px) 100vw, 620px\" \/>\t\t\t\t\t\t\t\t\t\t\t\t\t\t\t<\/div>\n\t\t\t\t<\/div>\n\t\t\t\t\t<\/div>\n\t\t<\/div>\n\t\t\t\t\t\t\t<\/div>\n\t\t<\/section>\n\t\t\t\t<section class=\"elementor-section elementor-top-section elementor-element elementor-element-8849303 elementor-section-boxed elementor-section-height-default elementor-section-height-default\" data-id=\"8849303\" data-element_type=\"section\">\n\t\t\t\t\t\t<div class=\"elementor-container elementor-column-gap-default\">\n\t\t\t\t\t<div class=\"elementor-column elementor-col-100 elementor-top-column elementor-element elementor-element-af26ede\" data-id=\"af26ede\" data-element_type=\"column\">\n\t\t\t<div class=\"elementor-widget-wrap elementor-element-populated\">\n\t\t\t\t\t\t\t\t<div class=\"elementor-element elementor-element-633dd88 elementor-widget elementor-widget-heading\" data-id=\"633dd88\" data-element_type=\"widget\" data-widget_type=\"heading.default\">\n\t\t\t\t<div class=\"elementor-widget-container\">\n\t\t\t<h2 class=\"elementor-heading-title elementor-size-default\">Certificaci\u00f3n ISO 45.001<\/h2>\t\t<\/div>\n\t\t\t\t<\/div>\n\t\t\t\t<div class=\"elementor-element elementor-element-3efd75e elementor-widget elementor-widget-text-editor\" data-id=\"3efd75e\" data-element_type=\"widget\" data-widget_type=\"text-editor.default\">\n\t\t\t\t<div class=\"elementor-widget-container\">\n\t\t\t\t\t\t\t<p class=\"p1\"><span class=\"s1\">Durante 2021, Minera El Abra se certific\u00f3 por la norma ISO 45.001 para sistemas de gesti\u00f3n de seguridad y salud en el trabajo, lo que estuvo complementado por una revisi\u00f3n interna desde la casa matriz, que arroj\u00f3 que la empresa cuenta con un sistema s\u00f3lido y cumple las expectativas.<\/span><\/p>\t\t\t\t\t\t<\/div>\n\t\t\t\t<\/div>\n\t\t\t\t\t<\/div>\n\t\t<\/div>\n\t\t\t\t\t\t\t<\/div>\n\t\t<\/section>\n\t\t\t\t<section class=\"elementor-section elementor-top-section elementor-element elementor-element-1aa2703 elementor-section-boxed elementor-section-height-default elementor-section-height-default\" data-id=\"1aa2703\" data-element_type=\"section\">\n\t\t\t\t\t\t<div class=\"elementor-container elementor-column-gap-default\">\n\t\t\t\t\t<div class=\"elementor-column elementor-col-100 elementor-top-column elementor-element elementor-element-4a49fed\" data-id=\"4a49fed\" data-element_type=\"column\">\n\t\t\t<div class=\"elementor-widget-wrap elementor-element-populated\">\n\t\t\t\t\t\t\t\t<div class=\"elementor-element elementor-element-e9c6e77 elementor-widget elementor-widget-heading\" data-id=\"e9c6e77\" data-element_type=\"widget\" data-widget_type=\"heading.default\">\n\t\t\t\t<div class=\"elementor-widget-container\">\n\t\t\t<h2 class=\"elementor-heading-title elementor-size-default\">Manejo de la pandemia de COVID-19<\/h2>\t\t<\/div>\n\t\t\t\t<\/div>\n\t\t\t\t<div class=\"elementor-element elementor-element-1637fb6 elementor-widget elementor-widget-text-editor\" data-id=\"1637fb6\" data-element_type=\"widget\" data-widget_type=\"text-editor.default\">\n\t\t\t\t<div class=\"elementor-widget-container\">\n\t\t\t\t\t\t\t<p class=\"p1\"><span class=\"s1\">Minera El Abra desarroll\u00f3 y puso en marcha, a partir del a\u00f1o 2020, un protocolo para el manejo de la pandemia que se actualiza peri\u00f3dicamente. Los procedimientos apuntan a establecer medidas preventivas para evitar el contagio de COVID-19 en el personal de la empresa, contratistas y visitas, de acuerdo con las recomendaciones de la Organizaci\u00f3n Mundial de la Salud, el Ministerio de Salud, el Ministerio del Trabajo y Previsi\u00f3n Social, adem\u00e1s de las propias iniciativas de Freeport y El Abra.<\/span><\/p><p class=\"p1\"><span class=\"s1\">Siguiendo los protocolos de la autoridad sanitaria nacional, se identifican oportunamente los potenciales casos de contagios o de exposici\u00f3n a contagio en las personas que ingresan a nuestras instalaciones. Los objetivos apuntaron a identificar posibles contactos estrechos de los casos laborales con PCR positivo, informado oportunamente a la autoridad.\u00a0<\/span><\/p><p class=\"p1\"><span style=\"font-size: 15px; color: var( --e-global-color-text );\">Los principales controles para prevenir el contagio por COVID-19, y que forman parte de nuestro Protocolo, consideran:<\/span><\/p><ul><li class=\"p2\"><span class=\"s1\">Barreras de protecci\u00f3n en salas de reuniones, casinos y buses<\/span><\/li><li class=\"p2\"><span class=\"s1\">Implementaci\u00f3n de dispensadores de alcohol gel y pediluvios en oficinas administrativas y lugares con afluencia de p\u00fablico<\/span><\/li><li class=\"p2\"><span class=\"s1\">Toma de temperatura al ingreso a faena<\/span><\/li><li class=\"p2\"><span class=\"s1\">Charlas psicol\u00f3gicas para sobrellevar de mejor manera la pandemia<\/span><\/li><li class=\"p2\"><span class=\"s1\">Implementaci\u00f3n de reuniones remotas<\/span><\/li><li class=\"p2\"><span class=\"s1\">Instalaci\u00f3n de l\u00e1minas de cobre en mesas de salas de reuniones<\/span><\/li><li class=\"p2\"><span class=\"s1\">Aforos m\u00e1ximos en instalaciones de faena<\/span><\/li><li class=\"p2\"><span class=\"s1\">Se\u00f1al\u00e9ticas sobre uso obligatorio de mascarilla y sanitizaci\u00f3n de manos<\/span><\/li><li class=\"p2\"><span class=\"s1\">Disminuci\u00f3n de la capacidad de los buses de transporte de personal para asegurar la distancia entre los pasajeros y para facilitar el seguimiento de casos<\/span><\/li><li class=\"p2\"><span class=\"s1\">Sanitizaci\u00f3n en lugares de trabajo<\/span><\/li><\/ul><p class=\"p1\"><span class=\"s3\">El Protocolo COVID-19 de ingreso a faena solicita como requisito obligatorio contar con el pase de movilidad vigente. Quienes no posean el documento deben presentar, al inicio de cada semana laboral, un examen PCR o de ant\u00edgeno nasofar\u00edngeo negativo, no superior a 72 horas. <\/span><\/p><p class=\"p1\"><span class=\"s3\">Por otro lado, realizamos un testeo de manera aleatoria en base al test de ant\u00edgeno nasofar\u00edngeo, que busca detectar posibles personas contagiadas asintom\u00e1ticas al interior de las instalaciones. <\/span><\/p><p class=\"p1\"><span class=\"s1\">Cabe destacar el exitoso plan de vacunaci\u00f3n llevado a cabo por El Abra iniciado el 22 de marzo de 2021, que permiti\u00f3 que al 30 de diciembre estuvieran con esquema de vacunaci\u00f3n completo (primera y segunda dosis) el 98% de trabajadores y trabajadoras propias y el 97% de trabajadores de empresas contratistas. El 2 de noviembre se inici\u00f3 la campa\u00f1a de vacunaci\u00f3n de la dosis de refuerzo y en este proceso se alcanz\u00f3 un 71% de personas vacunadas, tanto propias como de empresas contratistas.<\/span><\/p>\t\t\t\t\t\t<\/div>\n\t\t\t\t<\/div>\n\t\t\t\t\t<\/div>\n\t\t<\/div>\n\t\t\t\t\t\t\t<\/div>\n\t\t<\/section>\n\t\t\t\t<section class=\"elementor-section elementor-top-section elementor-element elementor-element-82687a1 elementor-section-boxed elementor-section-height-default elementor-section-height-default\" data-id=\"82687a1\" data-element_type=\"section\">\n\t\t\t\t\t\t<div class=\"elementor-container elementor-column-gap-default\">\n\t\t\t\t\t<div class=\"elementor-column elementor-col-100 elementor-top-column elementor-element elementor-element-9c41db8\" data-id=\"9c41db8\" data-element_type=\"column\">\n\t\t\t<div class=\"elementor-widget-wrap elementor-element-populated\">\n\t\t\t\t\t\t\t\t<div class=\"elementor-element elementor-element-02e98e3 elementor-widget elementor-widget-image\" data-id=\"02e98e3\" data-element_type=\"widget\" data-widget_type=\"image.default\">\n\t\t\t\t<div class=\"elementor-widget-container\">\n\t\t\t\t\t\t\t\t\t\t\t\t\t\t\t<img loading=\"lazy\" decoding=\"async\" width=\"620\" height=\"264\" src=\"https:\/\/www.elabra.cl\/informegestion2021\/wp-content\/uploads\/2022\/05\/1d2.jpg\" class=\"attachment-large size-large\" alt=\"\" srcset=\"https:\/\/www.elabra.cl\/informegestion2021\/wp-content\/uploads\/2022\/05\/1d2.jpg 704w, https:\/\/www.elabra.cl\/informegestion2021\/wp-content\/uploads\/2022\/05\/1d2-300x128.jpg 300w, https:\/\/www.elabra.cl\/informegestion2021\/wp-content\/uploads\/2022\/05\/1d2-500x213.jpg 500w\" sizes=\"auto, (max-width: 620px) 100vw, 620px\" \/>\t\t\t\t\t\t\t\t\t\t\t\t\t\t\t<\/div>\n\t\t\t\t<\/div>\n\t\t\t\t\t<\/div>\n\t\t<\/div>\n\t\t\t\t\t\t\t<\/div>\n\t\t<\/section>\n\t\t\t\t<section class=\"elementor-section elementor-top-section elementor-element elementor-element-9b53b56 elementor-section-boxed elementor-section-height-default elementor-section-height-default\" data-id=\"9b53b56\" data-element_type=\"section\">\n\t\t\t\t\t\t<div class=\"elementor-container elementor-column-gap-default\">\n\t\t\t\t\t<div class=\"elementor-column elementor-col-100 elementor-top-column elementor-element elementor-element-9177963\" data-id=\"9177963\" data-element_type=\"column\">\n\t\t\t<div class=\"elementor-widget-wrap elementor-element-populated\">\n\t\t\t\t\t\t\t\t<div class=\"elementor-element elementor-element-8970050 elementor-widget elementor-widget-heading\" data-id=\"8970050\" data-element_type=\"widget\" data-widget_type=\"heading.default\">\n\t\t\t\t<div class=\"elementor-widget-container\">\n\t\t\t<h2 class=\"elementor-heading-title elementor-size-default\">Gesti\u00f3n de Seguridad y Comit\u00e9 Paritario <\/h2>\t\t<\/div>\n\t\t\t\t<\/div>\n\t\t\t\t<div class=\"elementor-element elementor-element-1cd4b20 elementor-widget elementor-widget-text-editor\" data-id=\"1cd4b20\" data-element_type=\"widget\" data-widget_type=\"text-editor.default\">\n\t\t\t\t<div class=\"elementor-widget-container\">\n\t\t\t\t\t\t\t<p class=\"p1\"><span class=\"s1\">El Comit\u00e9 Paritario de Higiene y Seguridad (CPHS) cumple importantes funciones, entre las cuales destacan: inspecciones en las \u00e1reas operativas y comunes; auditor\u00edas FUF (COVID-19); implementaci\u00f3n de nuevos elementos de protecci\u00f3n personal, y participaci\u00f3n en las investigaciones de accidentes con lesi\u00f3n.<\/span><\/p><p class=\"p1\"><span class=\"s1\">Durante 2021, la Gerencia de Seguridad y Salud Ocupacional, junto al Comit\u00e9 Paritario, alcanzaron un conjunto de metas de gran importancia y valor para El Abra:<\/span><\/p><ul><li class=\"p2\"><span class=\"s1\">Un a\u00f1o sin accidentes recordables de las empresas contratistas<\/span><\/li><li class=\"p2\"><span class=\"s1\">Cero accidentes con alta energ\u00eda o PFE en proyectos de sondajes y Sulfolix Fase II<span class=\"Apple-converted-space\">\u00a0<\/span><\/span><\/li><li class=\"p2\"><span class=\"s1\">Inspecciones de COVID-19 en los lugares de trabajos a cargo de los CPHS<\/span><\/li><\/ul><p class=\"p1\"><span class=\"s1\">Estos logros se deben al compromiso de las personas, quienes hacen posible poner en pr\u00e1ctica el sistema de gesti\u00f3n basado en la mejora continua, y que ubica justamente al centro del modelo, el liderazgo y participaci\u00f3n de nuestros trabajadores y trabajadoras.<\/span><\/p>\t\t\t\t\t\t<\/div>\n\t\t\t\t<\/div>\n\t\t\t\t\t<\/div>\n\t\t<\/div>\n\t\t\t\t\t\t\t<\/div>\n\t\t<\/section>\n\t\t\t\t\t\t\t<\/div>\n\t\t","protected":false},"excerpt":{"rendered":"<p>NOSOTROS Salud y Seguridad En El Abra, velar por la producci\u00f3n segura y el cuidado de la salud de nuestro personal, va en l\u00ednea con la cultura de la compa\u00f1\u00eda y es la base para cumplir con el trabajo diario. Cada comportamiento al interior de la empresa procura que todos&#8230;<\/p>\n","protected":false},"author":1,"featured_media":0,"parent":5,"menu_order":0,"comment_status":"closed","ping_status":"closed","template":"","meta":{"footnotes":""},"class_list":["post-16","page","type-page","status-publish","hentry"],"_links":{"self":[{"href":"https:\/\/www.elabra.cl\/informegestion2021\/wp-json\/wp\/v2\/pages\/16","targetHints":{"allow":["GET"]}}],"collection":[{"href":"https:\/\/www.elabra.cl\/informegestion2021\/wp-json\/wp\/v2\/pages"}],"about":[{"href":"https:\/\/www.elabra.cl\/informegestion2021\/wp-json\/wp\/v2\/types\/page"}],"author":[{"embeddable":true,"href":"https:\/\/www.elabra.cl\/informegestion2021\/wp-json\/wp\/v2\/users\/1"}],"replies":[{"embeddable":true,"href":"https:\/\/www.elabra.cl\/informegestion2021\/wp-json\/wp\/v2\/comments?post=16"}],"version-history":[{"count":13,"href":"https:\/\/www.elabra.cl\/informegestion2021\/wp-json\/wp\/v2\/pages\/16\/revisions"}],"predecessor-version":[{"id":236,"href":"https:\/\/www.elabra.cl\/informegestion2021\/wp-json\/wp\/v2\/pages\/16\/revisions\/236"}],"up":[{"embeddable":true,"href":"https:\/\/www.elabra.cl\/informegestion2021\/wp-json\/wp\/v2\/pages\/5"}],"wp:attachment":[{"href":"https:\/\/www.elabra.cl\/informegestion2021\/wp-json\/wp\/v2\/media?parent=16"}],"curies":[{"name":"wp","href":"https:\/\/api.w.org\/{rel}","templated":true}]}}